 is the highest common factor of 11150 and 16502?
446
Calculate the greatest common divisor of 11592 and 37464.
168
What is the greatest common divisor of 291465 and 405?
135
What is the greatest common factor of 2533 and 51?
17
What is the greatest common divisor of 610 and 1258735?
305
Calculate the greatest common factor of 3051208 and 24.
8
Calculate the highest common factor of 91007 and 7.
7
Calculate the highest common divisor of 12 and 31002.
6
What is the greatest common divisor of 124 and 2891711?
31
Calculate the greatest common divisor of 64 and 221248.
64
Calculate the greatest common divisor of 49973 and 11011.
847
What is the greatest common factor of 1107 and 423?
9
Calculate the highest common factor of 592 and 12365104.
592
Calculate the highest common factor of 4136 and 10152.
376
Calculate the greatest common factor of 1869 and 40317.
267
Calculate the highest common factor of 960 and 20448.
96
What is the highest common divisor of 2343 and 6574458?
2343
Calculate the highest common factor of 2 and 361.
1
Calculate the highest common factor of 2428855 and 4108.
1027
What is the greatest common factor of 2816 and 1738?
22
What is the highest common factor of 1103413 and 393?
131
What is the greatest common divisor of 1040 and 608140?
260
What is the highest common divisor of 35693 and 14?
7
What is the highest common divisor of 4 and 271300?
4
What is the highest common divisor of 26 and 87334?
26
What is the greatest common factor of 880184 and 32?
8
Calculate the highest common divisor of 30 and 7788.
6
What is the highest common factor of 105 and 1407?
21
Calculate the highest common factor of 658 and 97678.
14
What is the greatest common factor of 101648 and 16?
16
Calculate the highest common divisor of 208 and 1264.
16
Calculate the highest common divisor of 356534 and 2848.
178
What is the greatest common divisor of 133 and 6073844?
133
What is the highest common factor of 109449 and 207?
9
Calculate the greatest common factor of 141 and 15369.
141
What is the greatest common divisor of 806169 and 1092?
273
Calculate the greatest common factor of 10 and 20690.
10
Calculate the highest common divisor of 409549 and 2009.
287
What is the highest common factor of 8852789 and 2794?
1397
What is the greatest common factor of 667854 and 66?
66
What is the highest common divisor of 39510 and 720?
90
What is the greatest common divisor of 1870 and 812515?
935
Calculate the greatest common factor of 736 and 113888.
32
What is the highest common factor of 2244 and 26112?
204
Calculate the highest common divisor of 226 and 65427.
113
What is the highest common factor of 3 and 17553?
3
Calculate the greatest common divisor of 600 and 109176.
24
Calculate the greatest common factor of 1225 and 396361.
49
Calculate the greatest common factor of 424897 and 27071.
1177
What is the highest common factor of 494 and 1729?
247
Calculate the highest common divisor of 248 and 342178.
62
Calculate the highest common factor of 2 and 54562.
2
What is the highest common divisor of 6075215 and 185?
185
What is the highest common factor of 180188 and 4280?
428
What is the highest common factor of 110 and 27780?
10
What is the highest common divisor of 645 and 39216?
129
What is the highest common divisor of 83053 and 2645?
529
Calculate the highest common divisor of 743 and 178320.
743
What is the highest common divisor of 2674 and 119566?
382
What is the greatest common divisor of 1394 and 410?
82
Calculate the highest common divisor of 6241 and 9638.
79
What is the greatest common divisor of 5577 and 891?
33
Calculate the greatest common factor of 10935 and 27240.
15
Calculate the greatest common divisor of 4771 and 403.
13
Calculate the greatest common divisor of 768 and 22752.
96
Calculate the greatest common divisor of 20 and 276.
4
Calculate the highest common factor of 112847 and 47.
47
Calculate the highest common divisor of 4304016 and 9.
9
What is the highest common divisor of 3866 and 4?
2
Calculate the greatest common divisor of 4844 and 7.
7
What is the highest common factor of 25120 and 800?
160
What is the greatest common divisor of 246563 and 1366?
683
Calculate the greatest common divisor of 2808 and 408.
24
Calculate the highest common factor of 4021082 and 1508.
754
Calculate the highest common divisor of 1323 and 117600.
147
Calculate the greatest common divisor of 1418 and 6.
2
What is the highest common factor of 25824 and 192?
96
Calculate the highest common divisor of 63813 and 178.
89
Calculate the greatest common factor of 765586 and 171.
19
What is the highest common divisor of 933234 and 12?
6
What is the highest common divisor of 5208 and 714?
42
What is the greatest common factor of 1156 and 84?
4
What is the highest common divisor of 564 and 594597?
141
What is the greatest common factor of 162 and 8760393?
81
What is the greatest common divisor of 948706 and 2552?
638
What is the highest common factor of 512 and 4547840?
256
What is the highest common divisor of 15165 and 225?
45
What is the greatest common factor of 1187588 and 4044?
1348
What is the greatest common divisor of 4108 and 156?
52
Calculate the greatest common divisor of 1790 and 373573.
179
Calculate the greatest common factor of 2614872 and 5202.
1734
Calculate the greatest common factor of 270724 and 212.
212
What is the highest common divisor of 13432 and 345?
23
What is the highest common factor of 884 and 40274?
26
Calculate the greatest common divisor of 526914 and 36.
18
Calculate the highest common divisor of 568 and 1863608.
568
What is the highest common divisor of 112808 and 5900?
236
What is the greatest common divisor of 32625 and 19625?
125
What is the greatest common divisor of 13054 and 1037?
61
What is the greatest common factor of 44408 and 12376?
728
What is the highest common factor of 506 and 84634?
22
What is the highest common factor of 270 and 3210?
30
What is the greatest common factor of 201360 and 240?
240
Calculate the greatest common divisor of 631848 and 168.
168
Calculate the highest common divisor of 1903 and 20587.
173
Calculate the greatest common factor of 5221290 and 1076.
538
What is the highest common factor of 625 and 3700625?
625
What is the highest common factor of 321477 and 39?
39
Calculate the highest common divisor of 15067 and 1976.
247
What is the greatest common divisor of 53464 and 19024?
328
What is the highest common divisor of 755 and 5260085?
755
What is the greatest common factor of 9741 and 12?
3
Calculate the greatest common divisor of 258926 and 2294.
74
Calculate the highest common factor of 204472 and 419.
419
What is the greatest common factor of 12432 and 384?
48
Calculate the greatest common divisor of 46285 and 55.
5
Calculate the highest common factor of 19155 and 5.
5
What is the greatest common divisor of 528025 and 75?
25
What is the highest common divisor of 57386 and 21?
7
Calculate the greatest common divisor of 298 and 41869.
149
Calculate the highest common factor of 100 and 123325.
25
What is the highest common factor of 6540 and 18?
6
What is the greatest common factor of 11 and 88495?
11
What is the greatest common factor of 1353401 and 18821?
1711
Calculate the highest common factor of 945645 and 1104.
69
Calculate the greatest common factor of 429 and 66088.
11
Calculate the highest common factor of 4280662 and 254.
254
What is the highest common factor of 17181 and 57339?
207
What is the greatest common factor of 155274 and 2?
2
What is the highest common divisor of 2958 and 1494?
6
What is the highest common factor of 54195 and 6?
3
What is the highest common divisor of 363771 and 108?
27
Calculate the greatest common divisor of 66057 and 18387.
681
Calculate the greatest common factor of 9008 and 944.
16
What is the highest common divisor of 51 and 5457?
51
What is the highest common factor of 152 and 44992?
152
What is the highest common divisor of 40198 and 202?
202
What is the greatest common factor of 268515 and 975?
195
Calculate the highest common factor of 552266 and 78.
26
What is the greatest common divisor of 293 and 1475548?
293
What is the greatest common factor of 818257 and 803?
803
What is the greatest common factor of 1751 and 2404123?
1751
What is th